 what is -1010 - -111000100000111?
111000011111101
In base 4, what is -10 + 203201132?
203201122
In base 10, what is 147 + -13?
134
In base 13, what is -341 + -902?
-c43
In base 2, what is 1000111001110001 + 0?
1000111001110001
In base 12, what is 4 + -10b76a?
-10b766
In base 12, what is 185b1 - -2?
185b3
In base 5, what is 10120 - 4?
10111
In base 4, what is -1101 + -312122?
-313223
In base 3, what is -2121220 - 201?
-2122121
In base 10, what is -16 - 2738?
-2754
In base 6, what is -3 + 341151?
341144
In base 6, what is 1 - 2413520?
-2413515
In base 12, what is 2527 - -4?
252b
In base 16, what is 5 + -2924?
-291f
In base 11, what is -158 - -1aa?
52
In base 8, what is -11 + 7126?
7115
In base 4, what is 112123111 - 1?
112123110
In base 3, what is 2111122 + 2110?
2121002
In base 5, what is -31041 + 4104?
-21432
In base 13, what is 6b + -1717b?
-17110
In base 3, what is -20202210220 - -22?
-20202210121
In base 9, what is -12 + 122812?
122800
In base 4, what is -3 + 12101111?
12101102
In base 16, what is 69 - -1fa6?
200f
In base 2, what is 101100 + 110000110011?
110001011111
In base 10, what is 4012 + 48?
4060
In base 11, what is -902 + -30?
-932
In base 4, what is -100030132 + 1?
-100030131
In base 7, what is -5612645 + 5?
-5612640
In base 9, what is 23 - 18403?
-18370
In base 2, what is -11000111 + -10011111?
-101100110
In base 4, what is 2310 + 113021?
121331
In base 15, what is -163 - 73?
-1d6
In base 14, what is -38 + -434?
-46c
In base 15, what is -4a - -30d?
2b3
In base 10, what is 23036 + 4?
23040
In base 12, what is 3 + -2a3bb9?
-2a3bb6
In base 8, what is 0 + -132122?
-132122
In base 4, what is -1 + -2103233?
-2103300
In base 2, what is 1011100100100000100010 - 101?
1011100100100000011101
In base 9, what is -1 + 661763?
661762
In base 14, what is -6c + 5b9?
54b
In base 9, what is -2846 - 565?
-3522
In base 13, what is -b - 23b9?
-23c7
In base 5, what is -144 - -42011?
41312
In base 6, what is 3431 + 105?
3540
In base 4, what is 203202 + -10130?
133012
In base 5, what is 42 - -103213?
103310
In base 14, what is -4 - 1474?
-1478
In base 14, what is -4 - -7c44?
7c40
In base 4, what is -1 - 123223?
-123230
In base 14, what is 2 - -24a6?
24a8
In base 9, what is -134530 - 41?
-134571
In base 4, what is -100 - 200213012?
-200213112
In base 9, what is 177 + 32?
220
In base 9, what is 18188414 - 5?
18188408
In base 5, what is 22 + -3330104?
-3330032
In base 12, what is 257b994 - 1?
257b993
In base 3, what is -1102200111 - -210?
-1102122201
In base 10, what is -114565 + -2?
-114567
In base 8, what is -173 + 3662?
3467
In base 2, what is -10 + -11010001010110?
-11010001011000
In base 12, what is b + -1936?
-1927
In base 14, what is -b - -190?
183
In base 4, what is -10 - 2313023?
-2313033
In base 7, what is -12366 + -12?
-12411
In base 16, what is d + -11a9?
-119c
In base 10, what is -1003 - -850?
-153
In base 15, what is -9320 - -13?
-930c
In base 9, what is 4 + 323?
327
In base 6, what is 131434 + -355?
131035
In base 8, what is 4346 + -7?
4337
In base 11, what is 19495 + 6a?
19554
In base 13, what is -29bb72 - -2?
-29bb70
In base 6, what is -5 - 25210040?
-25210045
In base 16, what is -889d + -6?
-88a3
In base 4, what is 303 + -12212?
-11303
In base 8, what is -5244 - 361?
-5625
In base 14, what is -39 - -1bc2?
1b87
In base 7, what is -603 + -53?
-656
In base 16, what is 29a58 - 1?
29a57
In base 14, what is 82d - 659?
1b4
In base 14, what is 2 + -a058c?
-a058a
In base 8, what is 30 + 123171?
123221
In base 4, what is 2333113 + 13003?
3012122
In base 10, what is -7615 + -44?
-7659
In base 6, what is 154121 - -120?
154241
In base 4, what is 321001 - 2?
320333
In base 4, what is 11 - 31032310?
-31032233
In base 15, what is -136 - 24?
-15a
In base 16, what is 3a74 - a?
3a6a
In base 15, what is -7 + -1a1cd?
-1a1d5
In base 2, what is 11 - -10001000001001?
10001000001100
In base 6, what is 4 + 102321?
102325
In base 4, what is -2120103 + -3?
-2120112
In base 12, what is 3 + 5956?
5959
In base 12, what is 3 - -155160?
155163
In base 6, what is -1100 + -4403?
-5503
In base 7, what is -12614 + -136?
-13053
In base 5, what is 102144 + -1203?
100441
In base 3, what is -21010 - -101002?
2222
In base 14, what is -3a6 + -1?
-3a7
In base 2, what is -1010100 - 100?
-1011000
In base 15, what is 7 - 5be96?
-5be8e
In base 5, what is -1433 + 4011?
2023
In base 6, what is 31 + 13300?
13331
In base 11, what is 0 - 15a753?
-15a753
In base 12, what is -145a1 - 1?
-145a2
In base 4, what is -133223 + 3000?
-130223
In base 10, what is 45560 - -16?
45576
In base 2, what is -111010 + -100101110?
-101101000
In base 11, what is -44 + 17a6?
1762
In base 9, what is 4633 + 43?
4676
In base 4, what is -3 - -130103?
130100
In base 11, what is 2 - -9659?
9660
In base 12, what is -130 - -143?
13
In base 16, what is 35b00 + 2?
35b02
In base 15, what is 17 - -4c65?
4c7c
In base 16, what is 1 + -1170d?
-1170c
In base 4, what is -1 - 121321102?
-121321103
In base 12, what is 4a5 - -16b?
654
In base 15, what is -9708 + 5?
-9703
In base 15, what is -b7e19 + -3?
-b7e1c
In base 2, what is 111011 + 10100101101111?
10100110101010
In base 3, what is -111202201010 + -12?
-111202201022
In base 5, what is -12224 - -13040?
311
In base 15, what is 5343 - -9?
534c
In base 14, what is 805b8 + 0?
805b8
In base 2, what is 100000 - -101010000011?
101010100011
In base 4, what is -22301 - 100003?
-122310
In base 5, what is -2 + -20304143?
-20304200
In base 8, what is 162 + -70212?
-70030
In base 10, what is -1764 - -85?
-1679
In base 4, what is -1130033220 - 3?
-1130033223
In base 7, what is -1002 - 14610?
-15612
In base 2, what is 0 + 101011010111110111?
101011010111110111
In base 3, what is 202 + 210011?
210220
In base 4, what is 30 - 111301?
-111211
In base 12, what is -ab2 + 298?
-816
In base 11, what is -151 - -107?
-45
In base 10, what is 787 - -27?
814
In base 8, what is -2 - 1134621?
-1134623
In base 16, what is -12 + -1ac?
-1be
In base 15, what is -14 - -40e?
3ea
In base 13, what is 3992b - 5?
39926
In base 6, what is 1341220 - -4?
1341224
In base 16, what is -b6 - -1b?
-9b
In base 4, what is -121 - -131311?
131130
In base 7, what is 123 - -52346?
52502
In base 10, what is -9948 - -1?
-9947
In base 4, what is -33 + -111310?
-112003
In base 5, what is 0 + 1142003?
1142003
In base 5, what is 32300321 - -10?
32300331
In base 14, what is 1121 + 5?
1126
In base 2, what is 11 + -1010110101110?
-1010110101011
In base 16, what is -485e - 1?
-485f
In base 10, what is 3 - 1999?
-1996
In base 14, what is b3194 + 3?
b3197
In base 5, what is 1132400 + -4?
1132341
In base 9, what is 11242 + -137?
11104
In base 6, what is -122 + -3104?
-3230
In base 14, what is -a913 - -59?
-a898
In base 8, what is -6664 - -10?
-6654
In base 13, what is a564 - 5?
a55c
In base 15, what is -1 - -157d6?
157d5
In base 4, what is -11101 + -3010?
-20111
In base 5, what is 3240 - 3021?
214
In base 15, what is b5 + 515?
5ca
In base 13, what is -1 - 2c6c5?
-2c6c6
In base 12, what is -3 + 21a?
217
In base 12, what is -41164 + -1?
-41165
In base 14, what is -6 + 1684?
167c
In base 2, what is 1000000000011 - -100?
1000000000111
In base 2, what is -1 - 11100100111001100?
-11100100111001101
In base 9, what is 18075 - -15?
18101
In base 12, what is 11 + -1aa29?
-1aa18
In base 2, what is 10101 + 100000101100100?
100000101111001
In base 11, what is 327588 - 2?
327586
In base 7, what is -4 + 206240?
206233
In base 10, what is -564 - 3105?
-3669
In base 5, what is -33211 - -130?
-33031
In base 12, what is 63 + 1106?
1169
In base 8, what is -16 + 733?
715
In base 16, what is -803 + 23?
-7e0
In base 12, what is 78 + b94?
1050
In base 3, what is 111012102 + -12?
111012020
In base 13, what is 8b6 + -15a?
759
In base 5, what is -12221 - -3033?
-4133
In base 11, what is 78510a + -3?
785107
In base 5, what is 23 + 14410033?
14410111
In base 2, what is -110000100101010 + 1000010?
-110000011101000
In base 10, what is 4 + -164784?
-164780
In base 12, what is b + -4850?
-4841
In base 3, what is -112201012 + -101?
-112201120
In base 12, what is -46ab1 + -2?
-46ab3
In base 2, what is 100 - -101010000100101010?
101010000100101110
In base 9, what is -227020 - 18?
-227038
In base 9, what is -4 + -644202?
-644206
In base 11, what is -13670a - -4?
-136706
In b